0)/(-15)?
5
Let i(a) = 8*a + 1. Let s be i(-1). Let d = s - -18. What is the tens digit of d?
1
Suppose 2 = -4*n + 6. What is the units digit of n/4 - (-46)/8?
6
What is the units digit of 4/((-12)/30*(-5)/23)?
6
Let f(y) = -y**3 - 9*y**2 - 8*y + 8. Let q be f(-8). Suppose 3*m - q = -m. What is the units digit of m/(-4)*(-23 - 5)?
4
Let a(b) be the second derivative of 0 + 2*b - 3/2*b**2 - 1/3*b**3. What is the units digit of a(-6)?
9
Suppose -4*t - 2*g = 2*g - 132, 0 = 5*g - 15. What is the units digit of t?
0
Suppose 0 = -2*t + 3*k + 43, 4*t = -0*t - 2*k + 94. What is the tens digit of t?
2
Let i = -1 - -3. Let u be 90/8 + i/(-8). Suppose -2*k + 5 = -u. What is the units digit of k?
8
What is the tens digit of 2755/45 - (-6)/(-27)?
6
Suppose 0*j - 2 = -j. Suppose 3*t + 5*v - 80 = 0, 2*t + 2*v = 26 + 26. Suppose -3*o - j*o = t, 15 = h - 2*o. What is the units digit of h?
5
Let a = 13 + -7. What is the units digit of a?
6
Suppose -141 = -w + 32. What is the hundreds digit of w?
1
Suppose -3*t + i + 45 = -0*i, -4*i = 0. Let f be (-2)/(-5) - (-39)/t. Let g = -2 + f. What is the units digit of g?
1
Let j be (-3)/6*1*-2. Let t(a) = 5*a. Let q be t(j). Let c = q - 2. What is the units digit of c?
3
Let s = 16 + -23. Let q(b) = -b**2 - 9*b - 4. What is the units digit of q(s)?
0
What is the tens digit of 4 - (-37 - 16/(-4))?
3
Let c(j) be the third derivative of j**4/24 + 5*j**3/3 + 2*j**2. What is the units digit of c(8)?
8
Let l = -947 + 1331. Let p be l/15 - (-2)/5. Suppose 2 = o + 2*q - 0*q, p = 4*o - q. What is the units digit of o?
6
Let w = 33 + 47. What is the tens digit of w?
8
Let t be 19/4 - (-13)/52. Suppose 3*d + 3 = 3*r, t*d = d - 2*r + 20. What is the units digit of d?
3
Let r(l) be the second derivative of -l**7/2520 + l**6/240 + l**5/24 + l**4/3 + 3*l. Let m(a) be the third derivative of r(a). What is the units digit of m(4)?
1
Suppose -214 = -5*s + 2*a, -s + 5*a + 46 = 3*a. What is the units digit of s?
2
Let k(s) = s**3 - 7*s**2 - 5*s - 11. Suppose -5*v + 40 = -0*v. What is the units digit of k(v)?
3
Let h(f) = 420*f**2 + 2*f - 1. What is the units digit of h(-1)?
7
Let f(q) = 5*q - 3. What is the units digit of f(8)?
7
Let y(j) = -15*j**3 + 7*j**3 + 16*j**3. What is the units digit of y(1)?
8
Let r(o) = 3*o - 5. Let z be r(5). Let d be 1 - 1 - 5/1. Let p = d + z. What is the units digit of p?
5
Let h = -24 + -43. Let c = -43 - h. What is the tens digit of c?
2
Let p = 7 + -5. Suppose 3*b = -p*b. What is the units digit of 1*(-1 + b + 2)?
1
Suppose -5*a = 2*u - 8 + 1, -u - 4 = 0. Suppose -l + 3 = -a. What is the units digit of l?
6
Suppose q + 4*q - 220 = 0. What is the units digit of q?
4
What is the tens digit of (-3)/(-24) + (1965/24 - -1)?
8
Let l(f) = -2*f + 2*f**2 - 3*f**2 + 5*f**3 - 3*f**3. What is the units digit of l(2)?
8
Let v(q) = -2*q - 2. Let n be v(-2). Suppose -n + 3 = -y + l, 1 = 3*y - 2*l. What is the units digit of y?
3
Suppose h + 4*h + 5*v - 30 = 0, -27 = -2*h - 5*v. Let q be 5/(10/4) - h. What is the units digit of q + 1 + -1 + 1?
2
Let w be (1 - 3) + -2 - 2. Let i(d) = d**2 + 5*d + 7. What is the units digit of i(w)?
3
Let y(g) = -4*g**3 + 2*g**2 - 7*g + 1. Let s(z) = z**3 + z**2 + z + 1. Let p(c) = 5*s(c) + y(c). What is the tens digit of p(-7)?
2
Let f(l) = -4*l + 3. Let b be f(-6). Let w = b + -18. Let i = -5 + w. What is the units digit of i?
4
Let m be (-2 + 1)*(-6 - -2). Suppose -3*u - m = -5*u. Suppose 6 = u*r - 6. What is the units digit of r?
6
Let h(w) = w**3 - 6*w**2 + 7*w - 7. Let f be h(5). Suppose -2*r = r - f. What is the units digit of 1 - (-1 + -4*r)?
6
Suppose 0 = -0*u - 4*u + 348. Let o = 122 - u. What is the units digit of o?
5
Suppose -6*o + 5*a = -3*o + 18, 2*a - 11 = 5*o. Let m = o - -5. Suppose -2*l + 3*b = -m, -56 = -5*l + b - 5*b. What is the units digit of l?
8
Let m = -38 - -50. What is the units digit of m?
2
What is the tens digit of (-2)/(2/(-11) - 342/(-2244))?
6
Let m = 5 - 1. Let j = 5 + m. What is the units digit of j?
9
Let a(f) = 3*f + 10. Let u = -3 - -10. What is the units digit of a(u)?
1
Suppose -117 = -2*z + 11. What is the tens digit of z?
6
Let y(n) = 5*n - 12. What is the tens digit of y(13)?
5
Suppose 7*c - 5 = 2*c. Let i(l) = 21*l**3 - l**2 + l. Let k be i(c). Let o = 29 - k. What is the units digit of o?
8
Let b be (108/(-63))/((-4)/14). Suppose 3*j + 10 = o, o - 2*j = b*o - 67. What is the tens digit of o?
1
Let r(m) = 3*m**3 - 15*m**2 - 2*m + 2. Let u(w) = 5*w**3 - 23*w**2 - 3*w + 3. Let b(i) = -8*r(i) + 5*u(i). What is the units digit of b(-4)?
1
Let s(f) = 6*f + 1. Let l = -8 + 9. Let i be s(l). Suppose 4*x = 5*r - 53, x = 3*r - i - 29. What is the units digit of r?
3
Let s(j) = -j + 10. Let h be s(7). Let u(f) = -4*f - 3 + f**2 + 1 + h*f. What is the units digit of u(3)?
4
Let f = 25 - 15. What is the units digit of f?
0
Let g(l) = -l**3 + 8*l**2 - 9*l - 6. Let o be g(7). Let t = o + 28. What is the units digit of t?
8
Let f(l) = 23*l - 13. What is the units digit of f(5)?
2
Suppose 0 = -5*w - 0*w. Let y be 6*(12/8)/3. Suppose -y*x + 2*g + 32 = w, 0*g + 56 = 5*x - 2*g. What is the units digit of x?
2
Let r(s) = -s**3 + 5*s**2 - 2*s + 1. Let j be r(4). Let f(w) = 2*w - 9. What is the units digit of f(j)?
9
Let j = -28 + 53. Let s = j - 18. What is the units digit of s?
7
Suppose 5*l - 7*l = -312. What is the units digit of l?
6
Let x(h) = -2*h. Let d be x(-3). Suppose 2*l = -l + 9. Let f = l + d. What is the units digit of f?
9
Suppose -3*x + 14 - 35 = 0. Let m(r) = -r**2 - 6*r + 10. What is the units digit of m(x)?
3
Let g(k) = -k**3 + 7*k**2 - 4*k + 4. Let v be g(3). Let m be (1/2)/((-2)/v). Let f = m - -12. What is the units digit of f?
5
Let j(i) = -i - 1. Let v(b) = 3*b - 9. Let p = 7 - 8. Let s(l) = p*v(l) - 2*j(l). What is the units digit of s(5)?
6
Suppose -20 + 8 = 4*h. What is the tens digit of h - (57/(-3))/1?
1
Let m(q) = -12*q - 32. What is the units digit of m(-6)?
0
Let s(g) = -g**3 + 2*g + 272. What is the tens digit of s(0)?
7
Let a = 25 - -28. Let k = 37 - a. Let d = k + 25. What is the units digit of d?
9
Let q(r) = -53*r + 5. What is the units digit of q(-2)?
1
Suppose -l = -0 - 5. Let p = l + 3. What is the units digit of p?
8
Let x be 2 + (-1 - (-2 + 0)). Suppose 3*a = 4*a + 2*s, -3 = -3*a - x*s. Suppose b = -z - 1 + 11, -5*z = -3*b - a. What is the units digit of b?
6
Suppose 2*a = -3*x - 0*a + 101, 2*a + 4 = 0. What is the tens digit of x?
3
Let l(k) = -k. Let w(u) = u**3 - u**2 - 10*u + 2. Let p(c) = -5*l(c) + w(c). What is the units digit of p(3)?
5
Let g(z) = z**3 + z**2 - z + 8. Suppose 5 = -l + 3*k - 4, 4*k - 12 = -3*l. What is the units digit of g(l)?
8
Let p be 2/9 + (-2)/9. Suppose p = o - 0 - 3. Suppose o*j - 8 = j + x, -j = -x - 2. What is the units digit of j?
6
Let z = -8 - 10. Let o = z - -22. What is the units digit of o?
4
Suppose u + 0*l = -4*l - 61, 4*u + 319 = -l. Let v = -26 - u. What is the units digit of v?
5
Suppose -3*w = -2*f - f + 3, w = 5*f - 25. What is the units digit of f?
6
Suppose 3 = o + 2. What is the units digit of o?
1
Let x be (0 - 1)/(2 + -1). Let t be (-3 - -2)*x*6. Suppose -d = 2*a - 3, -4*d - 4*a + t*a = -12. What is the units digit of d?
3
Let k be (-12)/18*(-6)/4. Suppose 0 = b - k - 1. What is the units digit of b?
2
Let k(c) be the first derivative of -7/2*c**2 - 1/3*c**3 + 1 + 3*c. What is the units digit of k(-7)?
3
Let b(f) = 3*f + 11. What is the units digit of b(17)?
2
Let x = -6 - -8. What is the units digit of x/10 + 9/5?
2
Suppose 2 = -o + 2*b, -5*o + b = -4*b. Suppose -2*m + o = -4. What is the units digit of m?
3
Let z(j) = -j**2 + 10*j + 4. What is the units digit of z(6)?
8
Suppose f - 68 - 61 = 0. What is the hundreds digit of f?
1
Let q(d) = -d**3 - 5*d**2 - 5*d - 2. Suppose -4*h + h - 6 = 0. Let j = -6 - h. What is the units digit of q(j)?
2
Let m = -14 + 16. Suppose -7*t = -m*t - 95. What is the units digit of t?
9
What is the units digit of (-2 + 3 - -1)*2/4?
1
What is the units digit of 74 - (-2*2/(-4) + -3)?
6
Let w(p) = -p**2 + 7*p - 6. Let h be w(6). Let v = h + -4. What is the units digit of 9/4 + (-3)/v?
3
Suppose -21 - 25 = o. Let w = -26 - o. What is the tens digit of w?
2
Let r(x) = 2*x + 2. Let i be 12*(-2 + 14/6). What is the units digit of r(i)?
0
Let z = 8